{"id":489,"date":"2020-02-07T14:26:27","date_gmt":"2020-02-07T13:26:27","guid":{"rendered":"http:\/\/aidesauditives-centredelcourt.com\/?page_id=489"},"modified":"2020-02-07T14:28:42","modified_gmt":"2020-02-07T13:28:42","slug":"acouphenes-consequences","status":"publish","type":"page","link":"https:\/\/aidesauditives-centredelcourt.com\/?page_id=489","title":{"rendered":"Cons\u00e9quences au quotidien"},"content":{"rendered":"[et_pb_section fb_built=\u00a0\u00bb1&Prime; fullwidth=\u00a0\u00bbon\u00a0\u00bb _builder_version=\u00a0\u00bb3.22&Prime; animation_style=\u00a0\u00bbslide\u00a0\u00bb animation_direction=\u00a0\u00bbtop\u00a0\u00bb animation_intensity_slide=\u00a0\u00bb2%\u00a0\u00bb animation_starting_opacity=\u00a0\u00bb100%\u00a0\u00bb][et_pb_fullwidth_header title=\u00a0\u00bbLes Acouph\u00e8nes\u00a0\u00bb subhead=\u00a0\u00bbOnt-ils des cons\u00e9quences sur le quotidien?\u00a0\u00bb admin_label=\u00a0\u00bbEn-t\u00eate plein \u00e9cran\u00a0\u00bb _builder_version=\u00a0\u00bb4.0.6&Prime; use_background_color_gradient=\u00a0\u00bbon\u00a0\u00bb background_color_gradient_start=\u00a0\u00bb#38a049&Prime; background_color_gradient_end=\u00a0\u00bb#8cc540&Prime; animation_style=\u00a0\u00bbfade\u00a0\u00bb][\/et_pb_fullwidth_header][\/et_pb_section][et_pb_section fb_built=\u00a0\u00bb1&Prime; _builder_version=\u00a0\u00bb4.0.6&Prime; background_image=\u00a0\u00bbhttp:\/\/aidesauditives-centredelcourt.com\/wp-content\/uploads\/2019\/10\/Photo-Vertige.jpeg\u00a0\u00bb parallax=\u00a0\u00bbon\u00a0\u00bb custom_margin=\u00a0\u00bb||1px|||\u00a0\u00bb custom_padding=\u00a0\u00bb||536px|||\u00a0\u00bb][\/et_pb_section][et_pb_section fb_built=\u00a0\u00bb1&Prime; admin_label=\u00a0\u00bbMarket Information Section\u00a0\u00bb _builder_version=\u00a0\u00bb3.22&Prime; custom_margin=\u00a0\u00bb-1px|||||\u00a0\u00bb custom_padding=\u00a0\u00bb9px||72px|||\u00a0\u00bb collapsed=\u00a0\u00bboff\u00a0\u00bb][et_pb_row _builder_version=\u00a0\u00bb4.0.6&Prime;][et_pb_column type=\u00a0\u00bb4_4&Prime; _builder_version=\u00a0\u00bb4.0.6&Prime;][et_pb_text _builder_version=\u00a0\u00bb4.0.6&Prime; header_text_color=\u00a0\u00bb#38a049&Prime; custom_margin=\u00a0\u00bb||0px|||\u00a0\u00bb animation_style=\u00a0\u00bbfade\u00a0\u00bb]\n<h1>Les effets les plus courants qui perturbent la vie quotidienne\u00a0:<\/h1>\n<ul>\n<li><span style=\"color: #000000;\">Difficult\u00e9s de concentration<\/span><\/li>\n<li><span style=\"color: #000000;\">Troubles du sommeil pour 1\/3 des cas<\/span><\/li>\n<li><span style=\"color: #000000;\">G\u00eane pour la communication et la lecture<\/span><\/li>\n<li><span style=\"color: #000000;\">Nervosit\u00e9, irritabilit\u00e9<\/span><\/li>\n<li><span style=\"color: #000000;\">Vertiges, douleurs cervicales, dysfonctionnement de l&rsquo;articulation temporo-mandibulaire<\/span><\/li>\n<li><span style=\"color: #000000;\">Maux de dos<\/span><\/li>\n<li><span style=\"color: #000000;\">Sensation de fatigue, inqui\u00e9tude, angoisse<\/span><\/li>\n<li><span style=\"color: #000000;\">Agitation, tension.<\/span><\/li>\n<li><span style=\"color: #000000;\">Favorisation du d\u00e9veloppent de l&rsquo;hypertension art\u00e9rielle et du cholest\u00e9rol.<\/span><\/li>\n<\/ul>\n[\/et_pb_text][\/et_pb_column][\/et_pb_row][et_pb_row _builder_version=\u00a0\u00bb3.29.3&Prime; custom_padding=\u00a0\u00bb5px||10px|||\u00a0\u00bb][et_pb_column type=\u00a0\u00bb4_4&Prime; _builder_version=\u00a0\u00bb3.29.3&Prime;][et_pb_text _builder_version=\u00a0\u00bb4.0.6&Prime; header_text_color=\u00a0\u00bb#38a049&Prime; custom_margin=\u00a0\u00bb-1px||24px|||\u00a0\u00bb animation_style=\u00a0\u00bbfade\u00a0\u00bb]\n<h1 style=\"text-align: justify;\">Des effets dangereux d\u00fbs en grande partie \u00e0 l&rsquo;intol\u00e9rance totale\u00a0:<\/h1>\n<p style=\"text-align: justify;\"><span style=\"color: #000000;\">Ces bruits internes peuvent parfois avoir un effet psychologique important et devenir si intol\u00e9rables que la m\u00e9decine a recours \u00e0 des m\u00e9dicaments \u00e0 vis\u00e9e psychiatrique.<\/span><\/p>\n<p style=\"text-align: justify;\"><span style=\"color: #000000;\">Il faut en effet comprendre que le patient qui souffre d&rsquo;acouph\u00e8nes depuis plusieurs ann\u00e9es, endure l&rsquo;isolement o\u00f9 le confinent ses bourdonnements.\u00a0<\/span><span style=\"color: #000000;\">Ces derniers engendrent une intol\u00e9rance qui, elle m\u00eame, entra\u00eene des d\u00e9pressions; envahissent le silence et l&rsquo;esprit de mani\u00e8re obs\u00e9dante; provoquent le rejet de son propre corps.<\/span><\/p>\n[\/et_pb_text][et_pb_divider _builder_version=\u00a0\u00bb4.0.6&Prime; custom_margin=\u00a0\u00bb||0px|||\u00a0\u00bb][\/et_pb_divider][et_pb_text _builder_version=\u00a0\u00bb4.0.6&Prime; animation_style=\u00a0\u00bbfade\u00a0\u00bb]\n<p style=\"text-align: justify;\"><span style=\"color: #000000;\">Si la plupart des acouph\u00e8nes s&rsquo;accompagnent de surdit\u00e9, entre 20 et 30 % surviennet chez des sujets qui ne se plaignent pas de l&rsquo;audition.<\/span><\/p>\n[\/et_pb_text][et_pb_text _builder_version=\u00a0\u00bb4.0.6&Prime; custom_margin=\u00a0\u00bb||44px|||\u00a0\u00bb animation_style=\u00a0\u00bbfade\u00a0\u00bb]\n<p style=\"text-align: justify;\"><span style=\"color: #000000;\">Il faut rassurer la personne atteinte d&rsquo;acouph\u00e8nes, qui, nerveuse et str\u00e9ss\u00e9e, les d\u00e9veloppe encore plus.<\/span><\/p>\n[\/et_pb_text][et_pb_text _builder_version=\u00a0\u00bb4.0.6&Prime; header_text_color=\u00a0\u00bb#38a049&Prime; animation_style=\u00a0\u00bbfade\u00a0\u00bb]\n<h1 style=\"text-align: center;\">Appr\u00e9ciations des acouph\u00e9niques<\/h1>\n[\/et_pb_text][\/et_pb_column][\/et_pb_row][et_pb_row column_structure=\u00a0\u00bb1_3,1_3,1_3&Prime; _builder_version=\u00a0\u00bb4.0.6&Prime; min_height=\u00a0\u00bb87px\u00a0\u00bb custom_margin=\u00a0\u00bb1px|auto|-5px|auto||\u00a0\u00bb custom_padding=\u00a0\u00bb12px||0px|15px|false|false\u00a0\u00bb animation_style=\u00a0\u00bbflip\u00a0\u00bb box_shadow_style=\u00a0\u00bbpreset1&Prime;][et_pb_column type=\u00a0\u00bb1_3&Prime; _builder_version=\u00a0\u00bb4.0.6&Prime;][et_pb_number_counter title=\u00a0\u00bbg\u00eanant\u00a0\u00bb number=\u00a0\u00bb60&Prime; _builder_version=\u00a0\u00bb4.0.6&Prime; title_font=\u00a0\u00bb|||||on|||\u00a0\u00bb title_text_align=\u00a0\u00bbcenter\u00a0\u00bb number_text_color=\u00a0\u00bb#38a049&Prime; number_text_shadow_style=\u00a0\u00bbpreset1&Prime; number_text_shadow_color=\u00a0\u00bb#8cc540&Prime;][\/et_pb_number_counter][\/et_pb_column][et_pb_column type=\u00a0\u00bb1_3&Prime; _builder_version=\u00a0\u00bb4.0.6&Prime;][et_pb_number_counter title=\u00a0\u00bb\u00e9nervant\u00a0\u00bb number=\u00a0\u00bb37&Prime; _builder_version=\u00a0\u00bb4.0.6&Prime; title_font=\u00a0\u00bb|||||on|||\u00a0\u00bb title_text_align=\u00a0\u00bbcenter\u00a0\u00bb number_text_color=\u00a0\u00bb#38a049&Prime; number_text_shadow_style=\u00a0\u00bbpreset1&Prime; number_text_shadow_color=\u00a0\u00bb#8cc540&Prime;][\/et_pb_number_counter][\/et_pb_column][et_pb_column type=\u00a0\u00bb1_3&Prime; _builder_version=\u00a0\u00bb4.0.6&Prime;][et_pb_number_counter title=\u00a0\u00bbinsupportable\u00a0\u00bb number=\u00a0\u00bb9&Prime; _builder_version=\u00a0\u00bb4.0.6&Prime; title_font=\u00a0\u00bb|||||on|||\u00a0\u00bb title_text_align=\u00a0\u00bbcenter\u00a0\u00bb number_text_color=\u00a0\u00bb#38a049&Prime; number_text_shadow_style=\u00a0\u00bbpreset1&Prime; number_text_shadow_color=\u00a0\u00bb#8cc540&Prime;][\/et_pb_number_counter][\/et_pb_column][\/et_pb_row][\/et_pb_section]\n","protected":false},"excerpt":{"rendered":"<p>Les effets les plus courants qui perturbent la vie quotidienne\u00a0: Difficult\u00e9s de concentration Troubles du sommeil pour 1\/3 des cas G\u00eane pour la communication et la lecture Nervosit\u00e9, irritabilit\u00e9 Vertiges, douleurs cervicales, dysfonctionnement de l&rsquo;articulation temporo-mandibulaire Maux de dos Sensation de fatigue, inqui\u00e9tude, angoisse Agitation, tension. Favorisation du d\u00e9veloppent de l&rsquo;hypertension art\u00e9rielle et du cholest\u00e9rol. [&hellip;]<\/p>\n","protected":false},"author":1,"featured_media":0,"parent":0,"menu_order":0,"comment_status":"closed","ping_status":"closed","template":"","meta":{"_et_pb_use_builder":"on","_et_pb_old_content":"<!-- wp:divi\/placeholder \/-->","_et_gb_content_width":"","footnotes":""},"_links":{"self":[{"href":"https:\/\/aidesauditives-centredelcourt.com\/index.php?rest_route=\/wp\/v2\/pages\/489"}],"collection":[{"href":"https:\/\/aidesauditives-centredelcourt.com\/index.php?rest_route=\/wp\/v2\/pages"}],"about":[{"href":"https:\/\/aidesauditives-centredelcourt.com\/index.php?rest_route=\/wp\/v2\/types\/page"}],"author":[{"embeddable":true,"href":"https:\/\/aidesauditives-centredelcourt.com\/index.php?rest_route=\/wp\/v2\/users\/1"}],"replies":[{"embeddable":true,"href":"https:\/\/aidesauditives-centredelcourt.com\/index.php?rest_route=%2Fwp%2Fv2%2Fcomments&post=489"}],"version-history":[{"count":22,"href":"https:\/\/aidesauditives-centredelcourt.com\/index.php?rest_route=\/wp\/v2\/pages\/489\/revisions"}],"predecessor-version":[{"id":1548,"href":"https:\/\/aidesauditives-centredelcourt.com\/index.php?rest_route=\/wp\/v2\/pages\/489\/revisions\/1548"}],"wp:attachment":[{"href":"https:\/\/aidesauditives-centredelcourt.com\/index.php?rest_route=%2Fwp%2Fv2%2Fmedia&parent=489"}],"curies":[{"name":"wp","href":"https:\/\/api.w.org\/{rel}","templated":true}]}}