{"id":9,"date":"2019-09-24T14:48:22","date_gmt":"2019-09-24T12:48:22","guid":{"rendered":"http:\/\/aidesauditives-centredelcourt.com\/?page_id=9"},"modified":"2020-02-07T17:34:16","modified_gmt":"2020-02-07T16:34:16","slug":"laudition","status":"publish","type":"page","link":"https:\/\/aidesauditives-centredelcourt.com\/?page_id=9","title":{"rendered":"L&rsquo;Audition"},"content":{"rendered":"[et_pb_section fb_built=\u00a0\u00bb1&Prime; fullwidth=\u00a0\u00bbon\u00a0\u00bb _builder_version=\u00a0\u00bb3.22&Prime; animation_style=\u00a0\u00bbslide\u00a0\u00bb animation_direction=\u00a0\u00bbtop\u00a0\u00bb animation_intensity_slide=\u00a0\u00bb2%\u00a0\u00bb animation_starting_opacity=\u00a0\u00bb100%\u00a0\u00bb][et_pb_fullwidth_header title=\u00a0\u00bbL&rsquo;Audition\u00a0\u00bb admin_label=\u00a0\u00bbEn-t\u00eate plein \u00e9cran\u00a0\u00bb _builder_version=\u00a0\u00bb4.0.6&Prime; use_background_color_gradient=\u00a0\u00bbon\u00a0\u00bb background_color_gradient_start=\u00a0\u00bb#38a049&Prime; background_color_gradient_end=\u00a0\u00bb#8cc540&Prime; animation_style=\u00a0\u00bbfade\u00a0\u00bb][\/et_pb_fullwidth_header][\/et_pb_section][et_pb_section fb_built=\u00a0\u00bb1&Prime; _builder_version=\u00a0\u00bb4.0.6&Prime; background_image=\u00a0\u00bbhttp:\/\/aidesauditives-centredelcourt.com\/wp-content\/uploads\/2019\/10\/oreille-interne2.jpeg\u00a0\u00bb parallax=\u00a0\u00bbon\u00a0\u00bb custom_padding=\u00a0\u00bb||579px|||\u00a0\u00bb][\/et_pb_section][et_pb_section fb_built=\u00a0\u00bb1&Prime; admin_label=\u00a0\u00bbMarket Information Section\u00a0\u00bb _builder_version=\u00a0\u00bb3.22&Prime; custom_padding=\u00a0\u00bb4px||1px|||\u00a0\u00bb collapsed=\u00a0\u00bboff\u00a0\u00bb][et_pb_row _builder_version=\u00a0\u00bb3.29.3&Prime; width=\u00a0\u00bb100%\u00a0\u00bb max_width=\u00a0\u00bb1660px\u00a0\u00bb min_height=\u00a0\u00bb388px\u00a0\u00bb custom_margin=\u00a0\u00bb-8px|auto||auto||\u00a0\u00bb][et_pb_column type=\u00a0\u00bb4_4&Prime; _builder_version=\u00a0\u00bb3.29.3&Prime;][et_pb_text _builder_version=\u00a0\u00bb4.0.6&Prime; text_text_color=\u00a0\u00bb#000000&Prime; header_text_color=\u00a0\u00bb#38a049&Prime; width=\u00a0\u00bb99.7%\u00a0\u00bb min_height=\u00a0\u00bb342px\u00a0\u00bb custom_margin=\u00a0\u00bb||34px|27px|false|false\u00a0\u00bb custom_padding=\u00a0\u00bb4px|74px|0px|10px|false|false\u00a0\u00bb animation_style=\u00a0\u00bbfade\u00a0\u00bb]\n<h1><\/h1>\n<h1><\/h1>\n<h1>L&rsquo;audition est la capacit\u00e9 \u00e0 entendre les sons.<\/h1>\n<p style=\"text-align: justify;\"><span style=\"color: #000000;\">On peut \u00e9tudier l&rsquo;audition du point de vue de la physiologie, et on s&rsquo;int\u00e9ressera alors au fonctionnement de l&rsquo;oreille, externe et interne, qui est l&rsquo;organe le plus impliqu\u00e9 dans l&rsquo;ou\u00efe.<\/span><\/p>\n<p style=\"text-align: justify;\"><span style=\"color: #000000;\">L&rsquo;oreille est l&rsquo;organe qui sert \u00e0 capter le son et est donc le si\u00e8ge du sens de l&rsquo;ou\u00efe, mais elle joue \u00e9galement un r\u00f4le important dans l&rsquo;\u00e9quilibre. Dans le langage courant, ce mot fait souvent r\u00e9f\u00e9rence \u00e0 sa partie ext\u00e9rieure bien visible, le pavillon. Il s&rsquo;applique aussi au syst\u00e8me entier, l&rsquo;appareil auditif, aussi bien externe qu&rsquo;interne, qui effectue la collection et la compr\u00e9hension des sons. Seuls les vert\u00e9br\u00e9s ont des oreilles, toutefois de nombreux invert\u00e9br\u00e9s sont capables de percevoir les sons en faisant appel \u00e0 d&rsquo;autres sens.<\/span><\/p>\n<h1>La perte d&rsquo;audition<\/h1>\n<p style=\"text-align: justify;\"><span><o:p><\/o:p><\/span><span style=\"color: #000000;\">Du point de vue m\u00e9dical, on s&rsquo;int\u00e9resse aux d\u00e9fauts de l&rsquo;audition dont peuvent se plaindre des patients (difficult\u00e9s \u00e0 entendre les sons). Pour d\u00e9tecter ces probl\u00e8mes par des examens pr\u00e9coces, on d\u00e9finit une audition normale.\u00a0<\/span><span style=\"color: #000000;\">La perte d\u2019audition peut \u00eatre bilat\u00e9rale ou unilat\u00e9rale (une seule oreille affect\u00e9e), passag\u00e8re ou permanente, plus ou moins importante selon les cas.<\/span><\/p>\n<p style=\"text-align: justify;\"><span style=\"color: #000000;\"><span>Les causes d\u2019une perte d\u2019audition peuvent \u00eatre li\u00e9es \u00e0 l\u2019\u00e2ge (diminution de l&rsquo;acuit\u00e9 auditive normale lors du vieillissement, aussi appel\u00e9e presbyacousie), infectieuses, traumatiques ou environnementales (travail ou activit\u00e9 en milieu bruyant).\u00a0<\/span><\/span><span style=\"color: #000000;\">Les \u00e9carts vont de la presbyacousie \u00e0 la surdit\u00e9 (lorsqu\u2019aucun son n\u2019est per\u00e7u). Cependant, chez certaines personnes, la baisse de l&rsquo;audition ou la surdit\u00e9 surviennent soudainement.<\/span><\/p>\n[\/et_pb_text][\/et_pb_column][\/et_pb_row][\/et_pb_section]\n","protected":false},"excerpt":{"rendered":"<p>L&rsquo;audition est la capacit\u00e9 \u00e0 entendre les sons. On peut \u00e9tudier l&rsquo;audition du point de vue de la physiologie, et on s&rsquo;int\u00e9ressera alors au fonctionnement de l&rsquo;oreille, externe et interne, qui est l&rsquo;organe le plus impliqu\u00e9 dans l&rsquo;ou\u00efe. L&rsquo;oreille est l&rsquo;organe qui sert \u00e0 capter le son et est donc le si\u00e8ge du sens de [&hellip;]<\/p>\n","protected":false},"author":1,"featured_media":0,"parent":0,"menu_order":0,"comment_status":"closed","ping_status":"closed","template":"","meta":{"_et_pb_use_builder":"on","_et_pb_old_content":"<!-- wp:divi\/placeholder \/-->","_et_gb_content_width":"","footnotes":""},"_links":{"self":[{"href":"https:\/\/aidesauditives-centredelcourt.com\/index.php?rest_route=\/wp\/v2\/pages\/9"}],"collection":[{"href":"https:\/\/aidesauditives-centredelcourt.com\/index.php?rest_route=\/wp\/v2\/pages"}],"about":[{"href":"https:\/\/aidesauditives-centredelcourt.com\/index.php?rest_route=\/wp\/v2\/types\/page"}],"author":[{"embeddable":true,"href":"https:\/\/aidesauditives-centredelcourt.com\/index.php?rest_route=\/wp\/v2\/users\/1"}],"replies":[{"embeddable":true,"href":"https:\/\/aidesauditives-centredelcourt.com\/index.php?rest_route=%2Fwp%2Fv2%2Fcomments&post=9"}],"version-history":[{"count":39,"href":"https:\/\/aidesauditives-centredelcourt.com\/index.php?rest_route=\/wp\/v2\/pages\/9\/revisions"}],"predecessor-version":[{"id":1558,"href":"https:\/\/aidesauditives-centredelcourt.com\/index.php?rest_route=\/wp\/v2\/pages\/9\/revisions\/1558"}],"wp:attachment":[{"href":"https:\/\/aidesauditives-centredelcourt.com\/index.php?rest_route=%2Fwp%2Fv2%2Fmedia&parent=9"}],"curies":[{"name":"wp","href":"https:\/\/api.w.org\/{rel}","templated":true}]}}